{"id":423,"date":"2025-04-26T02:42:17","date_gmt":"2025-04-26T00:42:17","guid":{"rendered":"https:\/\/miing.umsa.edu.bo\/?page_id=423"},"modified":"2025-04-30T04:38:09","modified_gmt":"2025-04-30T02:38:09","slug":"historia","status":"publish","type":"page","link":"https:\/\/miing.umsa.edu.bo\/index.php\/historia\/","title":{"rendered":"Historia"},"content":{"rendered":"\t\t<div data-elementor-type=\"wp-page\" data-elementor-id=\"423\" class=\"elementor elementor-423\" data-elementor-post-type=\"page\">\n\t\t\t\t<div class=\"elementor-element elementor-element-67a1372 e-flex e-con-boxed e-con e-parent\" data-id=\"67a1372\" data-element_type=\"container\" data-e-type=\"container\">\n\t\t\t\t\t<div class=\"e-con-inner\">\n\t\t\t\t<div class=\"elementor-element elementor-element-93abc75 elementor-widget elementor-widget-heading\" data-id=\"93abc75\" data-element_type=\"widget\" data-e-type=\"widget\" data-widget_type=\"heading.default\">\n\t\t\t\t<div class=\"elementor-widget-container\">\n\t\t\t\t\t<h2 class=\"elementor-heading-title elementor-size-default\">Facultad de Ingenier\u00eda<\/h2>\t\t\t\t<\/div>\n\t\t\t\t<\/div>\n\t\t\t\t<div class=\"elementor-element elementor-element-795c2db elementor-widget elementor-widget-text-editor\" data-id=\"795c2db\" data-element_type=\"widget\" data-e-type=\"widget\" data-widget_type=\"text-editor.default\">\n\t\t\t\t<div class=\"elementor-widget-container\">\n\t\t\t\t\t\t\t\t\t<p>Finalizando\u00a0la\u00a0\u00e9poca colonial (1800\u00a0\u2013\u00a01825),\u00a0la\u00a0ciudad\u00a0de La Paz, ten\u00eda para la\u00a0ense\u00f1anza superior\u00a0a una\u00a0instituci\u00f3n religiosa\u00a0a\u00a0cargo\u00a0de los\u00a0Jesuitas, denominado\u00a0el\u00a0Colegio Seminario\u00a0del\u00a0Loreto ubicado\u00a0en lo\u00a0que hoy\u00a0es el\u00a0Congreso Nacional, dedicado\u00a0a la\u00a0ense\u00f1anza de Filosof\u00eda,\u00a0Teolog\u00eda\u00a0y Jurisprudencia.<\/p><p>Arribando\u00a0a la\u00a0ciudad\u00a0de La\u00a0Paz,\u00a0el\u00a0Mariscal\u00a0de\u00a0Ayacucho, Jos\u00e9 Antonio\u00a0de\u00a0Sucre,\u00a0el\u00a011 de\u00a0marzo\u00a0de 1825\u00a0firma\u00a0el\u00a0decreto\u00a0de\u00a0creaci\u00f3n\u00a0de la\u00a0\u201cUniversidad Independencia\u201d\u00a0en la\u00a0ciudad\u00a0de La\u00a0Paz,\u00a0en\u00a0homenaje\u00a0al\u00a0pueblo primog\u00e9nito\u00a0de la\u00a0Independencia Americana,\u00a0en el\u00a0seno\u00a0del\u00a0mismo seminario\u00a0del\u00a0Loreto; posteriormente\u00a0y\u00a0luego\u00a0del\u00a0cambio\u00a0a\u00a0otros nombres,\u00a0el\u00a0Mariscal Andr\u00e9s de Santa cruz, firma\u00a0el\u00a025 de octubre de 1830,\u00a0el\u00a0decreto de creaci\u00f3n de\u00a0la\u00a0Universidad\u00a0de\u00a0San Andr\u00e9s en \u00e1reas de Derecho P\u00fablico, Jurisprudencia\u00a0y\u00a0Ciencias\u00a0Eclesi\u00e1sticas.<\/p><p>En el \u00e1rea de\u00a0Ingenier\u00eda,\u00a0los\u00a0recursos humanos,\u00a0se\u00a0formaban\u00a0en los\u00a0pa\u00edses vecinos\u00a0y en\u00a0universidades europeas, raz\u00f3n\u00a0por la\u00a0cual,\u00a0el d\u00eda\u00a04 de\u00a0junio\u00a0de\u00a01842,\u00a0se\u00a0crea\u00a0en el\u00a0seno\u00a0del\u00a0Colegio\u00a0de\u00a0Ciencias\u00a0de la\u00a0Ciudad\u00a0de La\u00a0Paz,\u00a0la\u00a0ESCUELA DE ARQUITECTURA CIVIL\u00a0y\u00a0MILITAR\u00a0bajo\u00a0la\u00a0Direcci\u00f3n\u00a0del\u00a0Ing. Felipe Bertres.<\/p>\t\t\t\t\t\t\t\t<\/div>\n\t\t\t\t<\/div>\n\t\t\t\t\t<\/div>\n\t\t\t\t<\/div>\n\t\t\t\t<section class=\"elementor-section elementor-top-section elementor-element elementor-element-f8f692d elementor-section-boxed elementor-section-height-default elementor-section-height-default\" data-id=\"f8f692d\" data-element_type=\"section\" data-e-type=\"section\" data-settings=\"{&quot;background_background&quot;:&quot;classic&quot;}\">\n\t\t\t\t\t\t<div class=\"elementor-container elementor-column-gap-default\">\n\t\t\t\t\t<div class=\"elementor-column elementor-col-100 elementor-top-column elementor-element elementor-element-4104a02\" data-id=\"4104a02\" data-element_type=\"column\" data-e-type=\"column\">\n\t\t\t<div class=\"elementor-widget-wrap elementor-element-populated\">\n\t\t\t\t\t\t<div class=\"elementor-element elementor-element-8ae1ea6 elementor-widget__width-initial elementor-skin-coverflow elementor-arrows-yes elementor-widget elementor-widget-media-carousel\" data-id=\"8ae1ea6\" data-element_type=\"widget\" data-e-type=\"widget\" data-settings=\"{&quot;skin&quot;:&quot;coverflow&quot;,&quot;autoplay_speed&quot;:4000,&quot;show_arrows&quot;:&quot;yes&quot;,&quot;speed&quot;:500,&quot;autoplay&quot;:&quot;yes&quot;,&quot;loop&quot;:&quot;yes&quot;,&quot;pause_on_hover&quot;:&quot;yes&quot;,&quot;pause_on_interaction&quot;:&quot;yes&quot;,&quot;space_between&quot;:{&quot;unit&quot;:&quot;px&quot;,&quot;size&quot;:10,&quot;sizes&quot;:[]},&quot;space_between_tablet&quot;:{&quot;unit&quot;:&quot;px&quot;,&quot;size&quot;:10,&quot;sizes&quot;:[]},&quot;space_between_mobile&quot;:{&quot;unit&quot;:&quot;px&quot;,&quot;size&quot;:10,&quot;sizes&quot;:[]}}\" data-widget_type=\"media-carousel.default\">\n\t\t\t\t<div class=\"elementor-widget-container\">\n\t\t\t\t\t\t\t\t\t<div class=\"elementor-swiper\">\n\t\t\t\t\t<div class=\"elementor-main-swiper swiper\" role=\"region\" aria-roledescription=\"carousel\" aria-label=\"Diapositivas\">\n\t\t\t\t<div class=\"swiper-wrapper\">\n\t\t\t\t\t\t\t\t\t\t\t<div class=\"swiper-slide\" role=\"group\" aria-roledescription=\"slide\">\n\t\t\t\t\t\t\t<a href=\"https:\/\/miing.umsa.edu.bo\/wp-content\/uploads\/2025\/04\/ima1.jpg\" data-elementor-open-lightbox=\"yes\" data-elementor-lightbox-slideshow=\"8ae1ea6\" data-elementor-lightbox-title=\"ima1\" data-e-action-hash=\"#elementor-action%3Aaction%3Dlightbox%26settings%3DeyJpZCI6NDI1LCJ1cmwiOiJodHRwczpcL1wvbWlpbmcudW1zYS5lZHUuYm9cL3dwLWNvbnRlbnRcL3VwbG9hZHNcLzIwMjVcLzA0XC9pbWExLmpwZyIsInNsaWRlc2hvdyI6IjhhZTFlYTYifQ%3D%3D\">\t\t<div class=\"elementor-carousel-image\" role=\"img\" aria-label=\"ima1\" style=\"background-image: url(&#039;https:\/\/miing.umsa.edu.bo\/wp-content\/uploads\/2025\/04\/ima1.jpg&#039;)\">\n\n\t\t\t\n\t\t\t\t\t<\/div>\n\t\t<\/a>\t\t\t\t\t\t<\/div>\n\t\t\t\t\t\t\t\t\t\t\t<div class=\"swiper-slide\" role=\"group\" aria-roledescription=\"slide\">\n\t\t\t\t\t\t\t<a href=\"https:\/\/miing.umsa.edu.bo\/wp-content\/uploads\/2025\/04\/ima2.jpg\" data-elementor-open-lightbox=\"yes\" data-elementor-lightbox-slideshow=\"8ae1ea6\" data-elementor-lightbox-title=\"ima2\" data-e-action-hash=\"#elementor-action%3Aaction%3Dlightbox%26settings%3DeyJpZCI6NDI2LCJ1cmwiOiJodHRwczpcL1wvbWlpbmcudW1zYS5lZHUuYm9cL3dwLWNvbnRlbnRcL3VwbG9hZHNcLzIwMjVcLzA0XC9pbWEyLmpwZyIsInNsaWRlc2hvdyI6IjhhZTFlYTYifQ%3D%3D\">\t\t<div class=\"elementor-carousel-image\" role=\"img\" aria-label=\"ima2\" style=\"background-image: url(&#039;https:\/\/miing.umsa.edu.bo\/wp-content\/uploads\/2025\/04\/ima2.jpg&#039;)\">\n\n\t\t\t\n\t\t\t\t\t<\/div>\n\t\t<\/a>\t\t\t\t\t\t<\/div>\n\t\t\t\t\t\t\t\t\t\t\t<div class=\"swiper-slide\" role=\"group\" aria-roledescription=\"slide\">\n\t\t\t\t\t\t\t<a href=\"https:\/\/miing.umsa.edu.bo\/wp-content\/uploads\/2025\/04\/ima5.jpg\" data-elementor-open-lightbox=\"yes\" data-elementor-lightbox-slideshow=\"8ae1ea6\" data-elementor-lightbox-title=\"ima5\" data-e-action-hash=\"#elementor-action%3Aaction%3Dlightbox%26settings%3DeyJpZCI6NDI3LCJ1cmwiOiJodHRwczpcL1wvbWlpbmcudW1zYS5lZHUuYm9cL3dwLWNvbnRlbnRcL3VwbG9hZHNcLzIwMjVcLzA0XC9pbWE1LmpwZyIsInNsaWRlc2hvdyI6IjhhZTFlYTYifQ%3D%3D\">\t\t<div class=\"elementor-carousel-image\" role=\"img\" aria-label=\"ima5\" style=\"background-image: url(&#039;https:\/\/miing.umsa.edu.bo\/wp-content\/uploads\/2025\/04\/ima5.jpg&#039;)\">\n\n\t\t\t\n\t\t\t\t\t<\/div>\n\t\t<\/a>\t\t\t\t\t\t<\/div>\n\t\t\t\t\t\t\t\t\t\t\t<div class=\"swiper-slide\" role=\"group\" aria-roledescription=\"slide\">\n\t\t\t\t\t\t\t<a href=\"https:\/\/miing.umsa.edu.bo\/wp-content\/uploads\/2025\/04\/ima8.jpg\" data-elementor-open-lightbox=\"yes\" data-elementor-lightbox-slideshow=\"8ae1ea6\" data-elementor-lightbox-title=\"ima8\" data-e-action-hash=\"#elementor-action%3Aaction%3Dlightbox%26settings%3DeyJpZCI6NDI4LCJ1cmwiOiJodHRwczpcL1wvbWlpbmcudW1zYS5lZHUuYm9cL3dwLWNvbnRlbnRcL3VwbG9hZHNcLzIwMjVcLzA0XC9pbWE4LmpwZyIsInNsaWRlc2hvdyI6IjhhZTFlYTYifQ%3D%3D\">\t\t<div class=\"elementor-carousel-image\" role=\"img\" aria-label=\"ima8\" style=\"background-image: url(&#039;https:\/\/miing.umsa.edu.bo\/wp-content\/uploads\/2025\/04\/ima8.jpg&#039;)\">\n\n\t\t\t\n\t\t\t\t\t<\/div>\n\t\t<\/a>\t\t\t\t\t\t<\/div>\n\t\t\t\t\t\t\t\t\t\t\t<div class=\"swiper-slide\" role=\"group\" aria-roledescription=\"slide\">\n\t\t\t\t\t\t\t<a href=\"https:\/\/miing.umsa.edu.bo\/wp-content\/uploads\/2025\/04\/ima10.jpg\" data-elementor-open-lightbox=\"yes\" data-elementor-lightbox-slideshow=\"8ae1ea6\" data-elementor-lightbox-title=\"ima10\" data-e-action-hash=\"#elementor-action%3Aaction%3Dlightbox%26settings%3DeyJpZCI6NDI5LCJ1cmwiOiJodHRwczpcL1wvbWlpbmcudW1zYS5lZHUuYm9cL3dwLWNvbnRlbnRcL3VwbG9hZHNcLzIwMjVcLzA0XC9pbWExMC5qcGciLCJzbGlkZXNob3ciOiI4YWUxZWE2In0%3D\">\t\t<div class=\"elementor-carousel-image\" role=\"img\" aria-label=\"ima10\" style=\"background-image: url(&#039;https:\/\/miing.umsa.edu.bo\/wp-content\/uploads\/2025\/04\/ima10.jpg&#039;)\">\n\n\t\t\t\n\t\t\t\t\t<\/div>\n\t\t<\/a>\t\t\t\t\t\t<\/div>\n\t\t\t\t\t\t\t\t\t\t\t<div class=\"swiper-slide\" role=\"group\" aria-roledescription=\"slide\">\n\t\t\t\t\t\t\t<a href=\"https:\/\/miing.umsa.edu.bo\/wp-content\/uploads\/2025\/04\/ima12.jpg\" data-elementor-open-lightbox=\"yes\" data-elementor-lightbox-slideshow=\"8ae1ea6\" data-elementor-lightbox-title=\"ima12\" data-e-action-hash=\"#elementor-action%3Aaction%3Dlightbox%26settings%3DeyJpZCI6NDMwLCJ1cmwiOiJodHRwczpcL1wvbWlpbmcudW1zYS5lZHUuYm9cL3dwLWNvbnRlbnRcL3VwbG9hZHNcLzIwMjVcLzA0XC9pbWExMi5qcGciLCJzbGlkZXNob3ciOiI4YWUxZWE2In0%3D\">\t\t<div class=\"elementor-carousel-image\" role=\"img\" aria-label=\"ima12\" style=\"background-image: url(&#039;https:\/\/miing.umsa.edu.bo\/wp-content\/uploads\/2025\/04\/ima12.jpg&#039;)\">\n\n\t\t\t\n\t\t\t\t\t<\/div>\n\t\t<\/a>\t\t\t\t\t\t<\/div>\n\t\t\t\t\t\t\t\t\t\t\t<div class=\"swiper-slide\" role=\"group\" aria-roledescription=\"slide\">\n\t\t\t\t\t\t\t<a href=\"https:\/\/miing.umsa.edu.bo\/wp-content\/uploads\/2025\/04\/452666255_7951084248246988_4536051492328365158_n.jpg\" data-elementor-open-lightbox=\"yes\" data-elementor-lightbox-slideshow=\"8ae1ea6\" data-elementor-lightbox-title=\"452666255_7951084248246988_4536051492328365158_n\" data-e-action-hash=\"#elementor-action%3Aaction%3Dlightbox%26settings%3DeyJpZCI6NDA5LCJ1cmwiOiJodHRwczpcL1wvbWlpbmcudW1zYS5lZHUuYm9cL3dwLWNvbnRlbnRcL3VwbG9hZHNcLzIwMjVcLzA0XC80NTI2NjYyNTVfNzk1MTA4NDI0ODI0Njk4OF80NTM2MDUxNDkyMzI4MzY1MTU4X24uanBnIiwic2xpZGVzaG93IjoiOGFlMWVhNiJ9\">\t\t<div class=\"elementor-carousel-image\" role=\"img\" aria-label=\"452666255_7951084248246988_4536051492328365158_n\" style=\"background-image: url(&#039;https:\/\/miing.umsa.edu.bo\/wp-content\/uploads\/2025\/04\/452666255_7951084248246988_4536051492328365158_n.jpg&#039;)\">\n\n\t\t\t\n\t\t\t\t\t<\/div>\n\t\t<\/a>\t\t\t\t\t\t<\/div>\n\t\t\t\t\t\t\t\t\t<\/div>\n\t\t\t\t\t\t\t\t\t\t\t\t\t\t\t<div class=\"elementor-swiper-button elementor-swiper-button-prev\" role=\"button\" tabindex=\"0\" aria-label=\"Previous\">\n\t\t\t\t\t\t\t<svg aria-hidden=\"true\" class=\"e-font-icon-svg e-eicon-chevron-left\" viewBox=\"0 0 1000 1000\" xmlns=\"http:\/\/www.w3.org\/2000\/svg\"><path d=\"M646 125C629 125 613 133 604 142L308 442C296 454 292 471 292 487 292 504 296 521 308 533L604 854C617 867 629 875 646 875 663 875 679 871 692 858 704 846 713 829 713 812 713 796 708 779 692 767L438 487 692 225C700 217 708 204 708 187 708 171 704 154 692 142 675 129 663 125 646 125Z\"><\/path><\/svg>\t\t\t\t\t\t<\/div>\n\t\t\t\t\t\t<div class=\"elementor-swiper-button elementor-swiper-button-next\" role=\"button\" tabindex=\"0\" aria-label=\"Next\">\n\t\t\t\t\t\t\t<svg aria-hidden=\"true\" class=\"e-font-icon-svg e-eicon-chevron-right\" viewBox=\"0 0 1000 1000\" xmlns=\"http:\/\/www.w3.org\/2000\/svg\"><path d=\"M696 533C708 521 713 504 713 487 713 471 708 454 696 446L400 146C388 133 375 125 354 125 338 125 325 129 313 142 300 154 292 171 292 187 292 204 296 221 308 233L563 492 304 771C292 783 288 800 288 817 288 833 296 850 308 863 321 871 338 875 354 875 371 875 388 867 400 854L696 533Z\"><\/path><\/svg>\t\t\t\t\t\t<\/div>\n\t\t\t\t\t\t\t\t\t\t\t\t\t\t\t\t\t<\/div>\n\t\t\t\t<\/div>\n\t\t\t\t\t\t\t\t<\/div>\n\t\t\t\t<\/div>\n\t\t\t\t\t<\/div>\n\t\t<\/div>\n\t\t\t\t\t<\/div>\n\t\t<\/section>\n\t\t<div class=\"elementor-element elementor-element-b2ff7f8 e-flex e-con-boxed e-con e-parent\" data-id=\"b2ff7f8\" data-element_type=\"container\" data-e-type=\"container\">\n\t\t\t\t\t<div class=\"e-con-inner\">\n\t\t\t\t<div class=\"elementor-element elementor-element-e67642d elementor-widget elementor-widget-text-editor\" data-id=\"e67642d\" data-element_type=\"widget\" data-e-type=\"widget\" data-widget_type=\"text-editor.default\">\n\t\t\t\t<div class=\"elementor-widget-container\">\n\t\t\t\t\t\t\t\t\t<p>En el \u00e1rea de\u00a0Ingenier\u00eda,\u00a0los\u00a0recursos humanos,\u00a0se\u00a0formaban\u00a0en los\u00a0pa\u00edses vecinos\u00a0y en\u00a0universidades europeas, raz\u00f3n\u00a0por la\u00a0cual,\u00a0el d\u00eda\u00a04 de\u00a0junio\u00a0de\u00a01842,\u00a0se\u00a0crea\u00a0en el\u00a0seno\u00a0del\u00a0Colegio\u00a0de\u00a0Ciencias\u00a0de la\u00a0Ciudad\u00a0de La\u00a0Paz,\u00a0la\u00a0ESCUELA DE ARQUITECTURA CIVIL\u00a0y\u00a0MILITAR\u00a0bajo\u00a0la\u00a0Direcci\u00f3n\u00a0del\u00a0Ing. Felipe Bertres.\u00a0El\u00a0C\u00f3digo\u00a0de\u00a0Instrucci\u00f3n P\u00fablica\u00a0de 1845 del Gral. Jos\u00e9\u00a0Ballivian, establece\u00a0para la\u00a0Escuela\u00a0que: Para el inicio de\u00a0actividades, cuenta\u00a0con un\u00a0profesor para Matem\u00e1ticas Elevadas\u00a0y\u00a0otros para Historia Natural, F\u00edsica\u00a0y\u00a0Qu\u00edmica,\u00a0y\u00a0para materias superiores, ser\u00e1n profesores agregados\u00a0del\u00a0Colegio\u00a0de\u00a0Ciencias.\u00a0En\u00a01868 durante\u00a0el\u00a0gobierno\u00a0del Gral.\u00a0Mariano Melgarejo,\u00a0en sus\u00a0Estatutos universitarios,\u00a0se\u00a0refiere\u00a0a esta\u00a0Facultad, toda\u00a0vez que el\u00a0Plan\u00a0de\u00a0estudios establec\u00eda\u00a0la\u00a0existencia\u00a0de\u00a0cuatro secciones,\u00a0de las\u00a0cuales venciendo\u00a0las\u00a0primeras dos,\u00a0se\u00a0otorgaba\u00a0el\u00a0t\u00edtulo\u00a0de\u00a0Top\u00f3grafo\u00a0y\u00a0venciendo\u00a0las\u00a0cuatro secciones\u00a0el\u00a0t\u00edtulo de Ingeniero\u00a0civil.<\/p><p>En el\u00a0gobierno\u00a0del Gral.\u00a0Narciso Campero,\u00a0el 19 de julio de 1883 se cre\u00f3 en la\u00a0ciudad\u00a0de La Paz la\u00a0Escuela\u00a0de<\/p><p>Ingenier\u00eda, encargando\u00a0al\u00a0Ministerio de Instrucci\u00f3n P\u00fablica para su funcionamiento.<\/p>\t\t\t\t\t\t\t\t<\/div>\n\t\t\t\t<\/div>\n\t\t\t\t\t<\/div>\n\t\t\t\t<\/div>\n\t\t\t\t<\/div>\n\t\t","protected":false},"excerpt":{"rendered":"<p>Facultad de Ingenier\u00eda Finalizando\u00a0la\u00a0\u00e9poca colonial (1800\u00a0\u2013\u00a01825),\u00a0la\u00a0ciudad\u00a0de La Paz, ten\u00eda para la\u00a0ense\u00f1anza superior\u00a0a una\u00a0instituci\u00f3n religiosa\u00a0a\u00a0cargo\u00a0de los\u00a0Jesuitas, denominado\u00a0el\u00a0Colegio Seminario\u00a0del\u00a0Loreto ubicado\u00a0en lo\u00a0que hoy\u00a0es [&hellip;]<\/p>\n","protected":false},"author":2,"featured_media":0,"parent":0,"menu_order":0,"comment_status":"closed","ping_status":"closed","template":"","meta":{"site-sidebar-layout":"no-sidebar","site-content-layout":"","ast-site-content-layout":"full-width-container","site-content-style":"default","site-sidebar-style":"default","ast-global-header-display":"","ast-banner-title-visibility":"","ast-main-header-display":"","ast-hfb-above-header-display":"","ast-hfb-below-header-display":"","ast-hfb-mobile-header-display":"","site-post-title":"disabled","ast-breadcrumbs-content":"","ast-featured-img":"disabled","footer-sml-layout":"","ast-disable-related-posts":"","theme-transparent-header-meta":"","adv-header-id-meta":"","stick-header-meta":"","header-above-stick-meta":"","header-main-stick-meta":"","header-below-stick-meta":"","astra-migrate-meta-layouts":"default","ast-page-background-enabled":"default","ast-page-background-meta":{"desktop":{"background-color":"var(--ast-global-color-5)","background-image":"","background-repeat":"repeat","background-position":"center center","background-size":"auto","background-attachment":"scroll","background-type":"","background-media":"","overlay-type":"","overlay-color":"","overlay-opacity":"","overlay-gradient":""},"tablet":{"background-color":"","background-image":"","background-repeat":"repeat","background-position":"center center","background-size":"auto","background-attachment":"scroll","background-type":"","background-media":"","overlay-type":"","overlay-color":"","overlay-opacity":"","overlay-gradient":""},"mobile":{"background-color":"","background-image":"","background-repeat":"repeat","background-position":"center center","background-size":"auto","background-attachment":"scroll","background-type":"","background-media":"","overlay-type":"","overlay-color":"","overlay-opacity":"","overlay-gradient":""}},"ast-content-background-meta":{"desktop":{"background-color":"var(--ast-global-color-4)","background-image":"","background-repeat":"repeat","background-position":"center center","background-size":"auto","background-attachment":"scroll","background-type":"","background-media":"","overlay-type":"","overlay-color":"","overlay-opacity":"","overlay-gradient":""},"tablet":{"background-color":"var(--ast-global-color-4)","background-image":"","background-repeat":"repeat","background-position":"center center","background-size":"auto","background-attachment":"scroll","background-type":"","background-media":"","overlay-type":"","overlay-color":"","overlay-opacity":"","overlay-gradient":""},"mobile":{"background-color":"var(--ast-global-color-4)","background-image":"","background-repeat":"repeat","background-position":"center center","background-size":"auto","background-attachment":"scroll","background-type":"","background-media":"","overlay-type":"","overlay-color":"","overlay-opacity":"","overlay-gradient":""}},"footnotes":""},"class_list":["post-423","page","type-page","status-publish","hentry"],"rttpg_featured_image_url":null,"rttpg_author":{"display_name":"RENZO FABIAN ORTIZ TAPIA","author_link":"https:\/\/miing.umsa.edu.bo\/index.php\/author\/ad1mrf0t\/"},"rttpg_comment":0,"rttpg_category":null,"rttpg_excerpt":"Facultad de Ingenier\u00eda Finalizando\u00a0la\u00a0\u00e9poca colonial (1800\u00a0\u2013\u00a01825),\u00a0la\u00a0ciudad\u00a0de La Paz, ten\u00eda para la\u00a0ense\u00f1anza superior\u00a0a una\u00a0instituci\u00f3n religiosa\u00a0a\u00a0cargo\u00a0de los\u00a0Jesuitas, denominado\u00a0el\u00a0Colegio Seminario\u00a0del\u00a0Loreto ubicado\u00a0en lo\u00a0que hoy\u00a0es [&hellip;]","_links":{"self":[{"href":"https:\/\/miing.umsa.edu.bo\/index.php\/wp-json\/wp\/v2\/pages\/423","targetHints":{"allow":["GET"]}}],"collection":[{"href":"https:\/\/miing.umsa.edu.bo\/index.php\/wp-json\/wp\/v2\/pages"}],"about":[{"href":"https:\/\/miing.umsa.edu.bo\/index.php\/wp-json\/wp\/v2\/types\/page"}],"author":[{"embeddable":true,"href":"https:\/\/miing.umsa.edu.bo\/index.php\/wp-json\/wp\/v2\/users\/2"}],"replies":[{"embeddable":true,"href":"https:\/\/miing.umsa.edu.bo\/index.php\/wp-json\/wp\/v2\/comments?post=423"}],"version-history":[{"count":23,"href":"https:\/\/miing.umsa.edu.bo\/index.php\/wp-json\/wp\/v2\/pages\/423\/revisions"}],"predecessor-version":[{"id":665,"href":"https:\/\/miing.umsa.edu.bo\/index.php\/wp-json\/wp\/v2\/pages\/423\/revisions\/665"}],"wp:attachment":[{"href":"https:\/\/miing.umsa.edu.bo\/index.php\/wp-json\/wp\/v2\/media?parent=423"}],"curies":[{"name":"wp","href":"https:\/\/api.w.org\/{rel}","templated":true}]}}